= 0. What is the greatest common factor of 20 and x?
10
Let x = 112 - 78. Let o(y) = 60*y + 66. Let n be o(4). What is the highest common factor of x and n?
34
Let u(l) = -l**3 + 11*l**2 - 11*l + 19. Let s be u(10). Suppose s*x + y + 137 = 14*x, 5*x - 152 = -4*y. Calculate the highest common divisor of x and 98.
14
Let u = -90 + 153. Let f(c) = c**3 + 14*c**2 + 32*c + 10. Let j be f(-11). What is the highest common factor of u and j?
21
Let w = -266 - -274. Suppose 0 = -2*z + 2*d, -2*z + w - 3 = 3*d. What is the greatest common divisor of z and 16?
1
Suppose -48*i + 111 = -45*i. Suppose -14*r + 17*r = 399. Let w = r - -200. What is the highest common divisor of w and i?
37
Suppose 4*i + 2*u - 526 = 0, -3*i = -4*u - 353 - 25. What is the highest common divisor of 5590 and i?
130
Let i(b) = 2*b**3 + 18*b**2 + 32*b + 142. Let a be i(-8). What is the highest common divisor of a and 224?
14
Let i(t) = 4*t**2 + 92*t + 564. Let s be i(-13). Calculate the greatest common divisor of 6842 and s.
22
Let k = 20009 - 14924. Calculate the greatest common divisor of 90 and k.
45
Suppose 4*m + 4 = -2*g, 4*g + 0 = 4*m - 8. Suppose m*w + 2*w = 256. Let b(j) = 57*j - 196. Let u be b(4). Calculate the greatest common divisor of w and u.
32
Let o(a) be the second derivative of 0 - a**2 + 7/6*a**3 - 15*a. Let d be o(2). What is the greatest common factor of d and 132?
12
Let w = 9090 - 8432. Calculate the greatest common divisor of 350 and w.
14
Suppose -14*f = 1051 - 5433. Let u = 315 - f. Calculate the greatest common factor of 106 and u.
2
Let a be ((-703)/(-4))/(214/856). Calculate the highest common factor of a and 38.
19
Let z be (6/(48/56) - 3448)*-1. Calculate the highest common divisor of 93 and z.
93
Let h be (-1)/5*-18 + (-12)/(-30). Suppose a + 3*g + 253 = 6*a, h*a + 3*g - 224 = 0. Calculate the highest common divisor of 106 and a.
53
Suppose 26 + 19 = 9*j. Suppose 2*q = -j*r - 5, 15 = -5*r - q + 5. Let z be 12*(-6)/(-8) - r/1. Calculate the greatest common factor of z and 3.
3
Let n(a) = a + 7. Let u be n(42). Let y(h) = -h**3 + 50*h**2 - 46*h - 105. Let s be y(u). Calculate the highest common factor of s and 140.
14
Suppose -3139*p - 1056 = -3150*p. Calculate the greatest common factor of 280 and p.
8
Suppose -290*b = -270*b - 19980. What is the greatest common factor of b and 222?
111
Suppose 2*t - 133 = -5*t. Suppose -t*v + 198 = -10*v. What is the highest common divisor of 88 and v?
22
Suppose -12*y = 1271 + 709. Let p be ((-528)/y)/((-4)/(-130)). Calculate the highest common factor of 26 and p.
26
Let i = 79 - 29. Let s be (171 + -271)*(4/((-1)/(-1)))/(-5). Calculate the highest common divisor of s and i.
10
Let r(k) = -14*k - 99. Let s be r(-7). Let c be -24*(5/10 + s). What is the highest common factor of c and 32?
4
Suppose 0*l + 5*l = 145. Suppose 45*r + 1484 = 49*r. Let y = r - 226. Calculate the highest common factor of l and y.
29
Suppose 0 = -15*k + 7632 + 678. What is the highest common factor of k and 2?
2
Let t(n) = n + 18. Let s be t(-15). Let f be (s + 0)/(18 + -15). Let k be (1 - f - -4) + 1. What is the greatest common divisor of k and 5?
5
Let y(j) = j + 1. Let p be y(-6). Let v be 24/3 + 8 + p. Let x be (-1)/(((-2)/4)/(v/2)). Calculate the highest common divisor of 88 and x.
11
Let o be 26/2 + (0 - 2). Let h = o + -3. Suppose -7*x = 882 + 890 - 1779. Calculate the greatest common factor of x and h.
1
Let d be 3 + 1 + 19 + 4 + -1. Let f = d - -52. Let t = f + -44. Calculate the greatest common divisor of t and 34.
34
Suppose -781*r - 56650 = -803*r. What is the highest common divisor of r and 206?
103
Suppose 35*q = -6*q + 2745 + 43. Calculate the highest common divisor of q and 629.
17
Let w = -2554 + 2680. What is the highest common divisor of 70 and w?
14
Let h(q) = -q**3 - 3*q**2 + 7*q + 19. Let p be h(-6). Let k = 95 - p. Let s be (-8)/6*315/(-6). What is the greatest common factor of k and s?
10
Suppose -3*z - z + 5*v = 54, -4*v + 40 = -3*z. Let g be z/3*(-66)/8. Let s be ((-12)/(-4))/(4/g). What is the highest common factor of 22 and s?
11
Let g(v) = -54*v + 724. Let u be g(12). What is the highest common factor of 4 and u?
4
Let u = 303 - 299. Let n = u + 41. Calculate the highest common divisor of n and 15.
15
Suppose 4*l = -2*d + 198 + 98, -3*d + 2*l = -476. What is the greatest common divisor of d and 754?
26
Suppose 0 = 47*a + 7766 - 22524. Let w be 72/45 - a/(-10). Calculate the greatest common factor of w and 27.
3
Suppose -1 - 14 = -5*o. Suppose -o*w - 58 = 56. Let k = -20 - w. Calculate the greatest common divisor of 9 and k.
9
Let r be (-14)/(-5)*5 + 9. Calculate the greatest common factor of 46 and r.
23
Let s be (5 - 6)/((-1)/48). Let f = 104 + -35. Let z = f - 66. Calculate the highest common divisor of z and s.
3
Let j be -5252*1826/(-352) - (-3)/(-4). What is the highest common divisor of 196 and j?
196
Suppose 24 = 24*l - 18*l. Let y = -118 + 128. What is the greatest common factor of l and y?
2
Let f(k) = 8*k**2 + 22*k - 91. Let l be f(11). Calculate the highest common divisor of l and 6.
3
Let y(r) = -4 + 6 - 22*r - 55*r**2 - 3*r**3 - 21 + 1 - 9. Let x be y(-18). What is the greatest common factor of x and 765?
45
Let l(i) = -i**3 + 20*i**2 - 65*i + 22. Let q be l(16). Calculate the highest common divisor of q and 14502.
6
Let l(x) = 219*x - 6328. Let k be l(29). Let g(c) = 184*c. Let a be g(1). Calculate the greatest common divisor of a and k.
23
Suppose 2555 + 3561 = -22*s. Let u = -258 - s. What is the greatest common factor of u and 940?
20
Suppose 0 = 477*z - 45692 - 2008. Let g = 69 + -38. Let u = g + -11. What is the highest common divisor of u and z?
20
Let i be -1 - (-25 - -2*1). Let l be ((196/8)/7)/(2/4). Suppose 6*k + l*k - 26 = 0. What is the greatest common divisor of i and k?
2
Let l(z) = -z**2 - 5*z - 7. Let j be l(-3). Let r be (((-27)/54)/(1/38))/j. Calculate the highest common factor of r and 475.
19
Suppose 10 = -4*k + 30. Suppose 0 = -k*a + 70 - 5. Suppose -920 = a*v - 18*v. Calculate the greatest common divisor of v and 46.
46
Let m(l) = 2*l + 23. Let q be m(-7). Let u be 404/6 + 3/(-9). Suppose q*c - 113 = u. Calculate the highest common factor of c and 4.
4
Let n be ((-921)/(-9) - -3)*3. Suppose 6*o - 644 - n = 0. Calculate the highest common divisor of 80 and o.
80
Let v = 725 - 665. Let m(l) = 92*l - 3. Let t(z) = 46*z - 2. Let g(j) = -4*m(j) + 7*t(j). Let r be g(-2). What is the highest common divisor of v and r?
30
Let b be (0 - (2 + (-6)/4)) + 2786/28. What is the highest common factor of 2607 and b?
33
Let r(q) = 7*q - 20. Let u(g) = -5*g + 21. Let i(d) = 2*r(d) + 3*u(d). Let h be i(-14). Calculate the greatest common divisor of 37 and h.
37
Let f(b) = -33*b - 81. Let r be f(-12). Let g = 474 + -411. What is the highest common divisor of r and g?
63
Suppose 0 = 10*n + 66 - 616. Suppose -51*y + n*y = 144. Calculate the highest common factor of 36 and y.
36
Let o(l) = 35*l + 687. Let c be o(-19). Let m be 2780/14 - 32/56. What is the highest common factor of c and m?
22
Suppose 3*k + 3*y = 18, 0*k = k + 3*y - 4. Suppose 0 = k*z - 4*z + 87. Let b = z + 47. Calculate the highest common factor of 6 and b.
6
Let j be 0/((4 - -1)/5). Suppose -b = -j*b - 51. Suppose 4*k - 3*q + 6*q - 133 = 0, -1 = q. Calculate the greatest common divisor of k and b.
17
Suppose 3*d + 92*s - 95*s - 5505 = 0, -3*d + 5513 = s. Calculate the greatest common divisor of d and 11.
11
Suppose b - 10955 = 5*m, -3*b + 32224 = -m - 641. Calculate the highest common divisor of b and 70.
35
Suppose -94*d + 778 + 3602 = 52*d. Calculate the greatest common factor of 3345 and d.
15
Suppose -9*j - 244 = -13*j. Let b = 66 - j. Suppose -3*c + 52 = -b*u + 3*u, -5*c = 3*u - 55. Calculate the highest common divisor of 21 and c.
7
Let l = 41 + -31. Let s be 3/36 + 17917/276. Calculate the greatest common factor of s and l.
5
Suppose 0 = -2274*h + 2320*h - 30176. Calculate the greatest common divisor of 2214 and h.
82
Suppose -9*y = -6*y + 2*h - 80, -5*y + 5*h = -175. Suppose -320*f + 326*f = y. What is the greatest common factor of 135 and f?
5
Suppose 0 = -2*n - 18*o + 19*o + 49, 4*n - 88 = 4*o. What is the highest common divisor of n and 1035?
9
Let z be 179674/121 + -4 + 270/66. What is the greatest common factor of z